-- MariaDB dump 10.19  Distrib 10.5.23-MariaDB, for Linux (x86_64)
--
-- Host: localhost    Database: user208
-- ------------------------------------------------------
-- Server version	10.5.23-MariaDB

/*!40101 SET @OLD_CHARACTER_SET_CLIENT=@@CHARACTER_SET_CLIENT */;
/*!40101 SET @OLD_CHARACTER_SET_RESULTS=@@CHARACTER_SET_RESULTS */;
/*!40101 SET @OLD_COLLATION_CONNECTION=@@COLLATION_CONNECTION */;
/*!40101 SET NAMES utf8mb4 */;
/*!40103 SET @OLD_TIME_ZONE=@@TIME_ZONE */;
/*!40103 SET TIME_ZONE='+00:00' */;
/*!40014 SET @OLD_UNIQUE_CHECKS=@@UNIQUE_CHECKS, UNIQUE_CHECKS=0 */;
/*!40014 SET @OLD_FOREIGN_KEY_CHECKS=@@FOREIGN_KEY_CHECKS, FOREIGN_KEY_CHECKS=0 */;
/*!40101 SET @OLD_SQL_MODE=@@SQL_MODE, SQL_MODE='NO_AUTO_VALUE_ON_ZERO' */;
/*!40111 SET @OLD_SQL_NOTES=@@SQL_NOTES, SQL_NOTES=0 */;

--
-- Table structure for table `Курсы`
--

DROP TABLE IF EXISTS `Курсы`;
/*!40101 SET @saved_cs_client     = @@character_set_client */;
/*!40101 SET character_set_client = utf8 */;
CREATE TABLE `Курсы` (
  `Идентификатор` int(11) NOT NULL,
  `Название_курса` varchar(100) DEFAULT NULL,
  PRIMARY KEY (`Идентификатор`)
) ENGINE=InnoDB DEFAULT CHARSET=utf8 COLLATE=utf8_general_ci;
/*!40101 SET character_set_client = @saved_cs_client */;

--
-- Dumping data for table `Курсы`
--

LOCK TABLES `Курсы` WRITE;
/*!40000 ALTER TABLE `Курсы` DISABLE KEYS */;
INSERT INTO `Курсы` VALUES (1,'Математика'),(2,'Физика'),(3,'Информатика'),(4,'Химия'),(5,'Биология');
/*!40000 ALTER TABLE `Курсы` ENABLE KEYS */;
UNLOCK TABLES;

--
-- Table structure for table `Преподаватели`
--

DROP TABLE IF EXISTS `Преподаватели`;
/*!40101 SET @saved_cs_client     = @@character_set_client */;
/*!40101 SET character_set_client = utf8 */;
CREATE TABLE `Преподаватели` (
  `Идентификатор` int(11) NOT NULL,
  `Фамилия` varchar(50) DEFAULT NULL,
  `Должность` varchar(50) DEFAULT NULL,
  `Степень` varchar(50) DEFAULT NULL,
  `Номер_комнаты` int(11) DEFAULT NULL,
  PRIMARY KEY (`Идентификатор`)
) ENGINE=InnoDB DEFAULT CHARSET=utf8 COLLATE=utf8_general_ci;
/*!40101 SET character_set_client = @saved_cs_client */;

--
-- Dumping data for table `Преподаватели`
--

LOCK TABLES `Преподаватели` WRITE;
/*!40000 ALTER TABLE `Преподаватели` DISABLE KEYS */;
INSERT INTO `Преподаватели` VALUES (1,'Иванов','Профессор','Доктор наук',101),(2,'Петров','Доцент','Кандидат наук',102),(3,'Сидоров','Преподаватель','Кандидат наук',103),(4,'Козлов','Профессор','Доктор наук',104),(5,'Смирнова','Доцент','Кандидат наук',105);
/*!40000 ALTER TABLE `Преподаватели` ENABLE KEYS */;
UNLOCK TABLES;

--
-- Table structure for table `Преподаватели_Курсы`
--

DROP TABLE IF EXISTS `Преподаватели_Курсы`;
/*!40101 SET @saved_cs_client     = @@character_set_client */;
/*!40101 SET character_set_client = utf8 */;
CREATE TABLE `Преподаватели_Курсы` (
  `Идентификатор_преподавателя` int(11) NOT NULL,
  `Идентификатор_курса` int(11) NOT NULL,
  PRIMARY KEY (`Идентификатор_преподавателя`,`Идентификатор_курса`),
  KEY `Идентификатор_курса` (`Идентификатор_курса`),
  CONSTRAINT `Преподаватели_Курсы_ibfk_1` FOREIGN KEY (`Идентификатор_преподавателя`) REFERENCES `Преподаватели` (`Идентификатор`),
  CONSTRAINT `Преподаватели_Курсы_ibfk_2` FOREIGN KEY (`Идентификатор_курса`) REFERENCES `Курсы` (`Идентификатор`)
) ENGINE=InnoDB DEFAULT CHARSET=utf8 COLLATE=utf8_general_ci;
/*!40101 SET character_set_client = @saved_cs_client */;

--
-- Dumping data for table `Преподаватели_Курсы`
--

LOCK TABLES `Преподаватели_Курсы` WRITE;
/*!40000 ALTER TABLE `Преподаватели_Курсы` DISABLE KEYS */;
INSERT INTO `Преподаватели_Курсы` VALUES (1,1),(2,2),(3,3),(4,4),(5,5);
/*!40000 ALTER TABLE `Преподаватели_Курсы` ENABLE KEYS */;
UNLOCK TABLES;
/*!40103 SET TIME_ZONE=@OLD_TIME_ZONE */;

/*!40101 SET SQL_MODE=@OLD_SQL_MODE */;
/*!40014 SET FOREIGN_KEY_CHECKS=@OLD_FOREIGN_KEY_CHECKS */;
/*!40014 SET UNIQUE_CHECKS=@OLD_UNIQUE_CHECKS */;
/*!40101 SET CHARACTER_SET_CLIENT=@OLD_CHARACTER_SET_CLIENT */;
/*!40101 SET CHARACTER_SET_RESULTS=@OLD_CHARACTER_SET_RESULTS */;
/*!40101 SET COLLATION_CONNECTION=@OLD_COLLATION_CONNECTION */;
/*!40111 SET SQL_NOTES=@OLD_SQL_NOTES */;

-- Dump completed on 2024-03-20 20:45:18
